{"id":3970,"date":"2020-06-19T14:15:51","date_gmt":"2020-06-19T12:15:51","guid":{"rendered":"http:\/\/www.cinema-contis.fr\/site_festival\/?page_id=3970"},"modified":"2022-12-01T21:14:02","modified_gmt":"2022-12-01T20:14:02","slug":"page-tec","status":"publish","type":"page","link":"http:\/\/www.cinema-contis.fr\/site_festival\/page-tec\/","title":{"rendered":"Talents en Court \u00e0 Contis"},"content":{"rendered":"<p>[vc_row][vc_column][vc_column_text]<\/p>\n<p style=\"text-align: left;\"><span style=\"color: #000000;\">Le Festival International de Contis propose depuis 2014 une rencontre professionnelle, organis\u00e9e en partenariat avec le CNC et la R\u00e9gion Nouvelle-Aquitaine. L\u2019op\u00e9ration Talents en Court vise \u00e0 aider le d\u00e9veloppement des projets de films de courts-m\u00e9trages d\u2019aspirants cin\u00e9astes, au talent prometteur, mais pour qui l\u2019acc\u00e8s au milieu professionnel est difficile, faute de formation et d\u2019exp\u00e9rience significative.<\/span><\/p>\n<p style=\"text-align: left;\"><span style=\"color: #000000;\">\u00ab Talents en Court \u00bb a \u00e9t\u00e9 cr\u00e9\u00e9 \u00e0 l\u2019initiative de&nbsp;Morad Kertobi, responsable du court-m\u00e9trage au CNC, \u00ab dans le cadre des missions du CNC de soutien \u00e0 l\u2019\u00e9mergence de nouveaux talents et pour permettre une plus grande diversit\u00e9 culturelle et sociale dans le secteur du court-m\u00e9trage \u00bb.<\/span><\/p>\n<p>&nbsp;<\/p>\n<h5 style=\"text-align: center;\"><span style=\"color: #ff6600;\"><strong>D\u00e9couvrez les pitchs vid\u00e9os des 5 jeunes cin\u00e9astes de la r\u00e9gion Nouvelle-Aquitaine qui ont vu leur projet s\u00e9lectionn\u00e9 :<\/strong><\/span><\/h5>\n<p>&nbsp;<\/p>\n<p style=\"text-align: center;\"><span style=\"color: #000000;\"><strong>CARAPACES<\/strong> de Pascaline Bellegarde<\/span><\/p>\n<div align=\"center\"><iframe loading=\"lazy\" src=\"https:\/\/www.youtube.com\/embed\/-kFwUxDTOUs?rel=0 \" width=\"622\" height=\"350\" frameborder=\"0\" allowfullscreen=\"allowfullscreen\"><\/iframe><\/div>\n<p>&nbsp;<\/p>\n<p style=\"text-align: center;\"><span style=\"color: #000000;\"><strong>HOSPICE BREAK<\/strong> de Pierre Gattin<\/span><\/p>\n<div align=\"center\"><iframe loading=\"lazy\" src=\"https:\/\/www.youtube.com\/embed\/_Uw14Uy8Z6A?rel=0 \" width=\"622\" height=\"350\" frameborder=\"0\" allowfullscreen=\"allowfullscreen\"><\/iframe><\/div>\n<p>&nbsp;<\/p>\n<p style=\"text-align: center;\"><span style=\"color: #000000;\"><strong>REGARDE MOI<\/strong> de Fabrice Garcia Carpintero<\/span><\/p>\n<div align=\"center\"><iframe loading=\"lazy\" src=\"https:\/\/www.youtube.com\/embed\/M2FwsYh8fpA?rel=0 \" width=\"622\" height=\"350\" frameborder=\"0\" allowfullscreen=\"allowfullscreen\"><\/iframe><\/div>\n<p>&nbsp;<\/p>\n<p style=\"text-align: center;\"><span style=\"color: #000000;\"><strong>SUR UN COUP DE T\u00caTE<\/strong> de Tom Ferrer<\/span><\/p>\n<div align=\"center\"><iframe loading=\"lazy\" src=\"https:\/\/www.youtube.com\/embed\/82Ez7WKKKhA?rel=0 \" width=\"622\" height=\"350\" frameborder=\"0\" allowfullscreen=\"allowfullscreen\"><\/iframe><\/div>\n<div align=\"center\">&nbsp;<\/div>\n<p>&nbsp;[\/vc_column_text][\/vc_column][\/vc_row][vc_row][vc_column][vc_column_text]<span style=\"color: #000000;\"><strong>Elsa Dahmani, marraine de Talents en Court \u00e0 Contis&nbsp;!<\/strong><\/span><br \/>\n<span style=\"color: #000000;\">Pour les accompagner dans la r\u00e9alisation de leur pitch, les candidats ont \u00e9t\u00e9 coach\u00e9s par la r\u00e9alisatrice \u00e0 l\u2019occasion de deux ateliers collectifs.<\/span><\/p>\n<p><span style=\"color: #000000;\"><img loading=\"lazy\" decoding=\"async\" class=\"size-medium wp-image-3971 alignleft\" src=\"http:\/\/www.cinema-contis.fr\/site_festival\/wp-content\/uploads\/2020\/06\/Elsa_Dahmani_cPhoto-Stephanie-Cornfield-copie-300x259.jpg\" alt=\"\" width=\"300\" height=\"259\" srcset=\"http:\/\/www.cinema-contis.fr\/site_festival\/wp-content\/uploads\/2020\/06\/Elsa_Dahmani_cPhoto-Stephanie-Cornfield-copie-300x259.jpg 300w, http:\/\/www.cinema-contis.fr\/site_festival\/wp-content\/uploads\/2020\/06\/Elsa_Dahmani_cPhoto-Stephanie-Cornfield-copie-1024x883.jpg 1024w, http:\/\/www.cinema-contis.fr\/site_festival\/wp-content\/uploads\/2020\/06\/Elsa_Dahmani_cPhoto-Stephanie-Cornfield-copie-768x662.jpg 768w, http:\/\/www.cinema-contis.fr\/site_festival\/wp-content\/uploads\/2020\/06\/Elsa_Dahmani_cPhoto-Stephanie-Cornfield-copie-1536x1325.jpg 1536w, http:\/\/www.cinema-contis.fr\/site_festival\/wp-content\/uploads\/2020\/06\/Elsa_Dahmani_cPhoto-Stephanie-Cornfield-copie-600x518.jpg 600w, http:\/\/www.cinema-contis.fr\/site_festival\/wp-content\/uploads\/2020\/06\/Elsa_Dahmani_cPhoto-Stephanie-Cornfield-copie.jpg 2000w\" sizes=\"(max-width: 300px) 100vw, 300px\" \/><\/span><\/p>\n<p>&nbsp;<\/p>\n<p>&nbsp;<\/p>\n<p>&nbsp;<\/p>\n<p><span style=\"color: #000000;\">Elsa Dahmani vit et travaille entre Paris et l\u2019\u00eele de La R\u00e9union dont elle est originaire.&nbsp;Suite \u00e0 des \u00e9tudes d\u2019Arts graphiques \u00e0 Paris, elle multiplie les projets autour de la Musique du Monde&nbsp;: documentaires, captations de concert ou vid\u00e9o-clips. Pendant quatre ans, elle collabore avec le media Mondomix pour lequel elle voyage. En 2015, elle r\u00e9alise \u00ab&nbsp;All\u00e9e-Cocos&nbsp;\u00bb, son premier court-m\u00e9trage de fiction.&nbsp;En 2016, elle fonde CIN\u00c9KOUR et lance le concours des TALENTS LA KOUR destin\u00e9 \u00e0 accompagner et promouvoir les cin\u00e9astes \u00e9mergents \u00e0 La R\u00e9union autour de leur projet de courts-m\u00e9trages.<\/span>[\/vc_column_text][vc_column_text]<span style=\"color: #000000;\"><strong>Les candidats ont par ailleurs b\u00e9n\u00e9fici\u00e9 d\u2019\u00e9changes personnalis\u00e9s sur leur projet lors d&rsquo;entretiens individuels avec des consultants producteurs, sc\u00e9naristes et r\u00e9alisateurs.&nbsp;<\/strong>Ces rendez-vous ont permis de leur apporter conseils, \u00e9changes d&rsquo;exp\u00e9riences et \u00e9tudes de solutions pour financer leur projet de court-m\u00e9trage. <\/span><\/p>\n<p><span style=\"color: #000000;\"><span style=\"text-decoration: underline;\">Les Consultants :<\/span> Sam Azulys, Julien Gaspar-Oliveri, Anne-Claire Jaulin, Olivier Chantriaux, H\u00e9l\u00e8ne Mitjavile et Jessica Rosselet.<\/span>[\/vc_column_text][\/vc_column][\/vc_row][vc_row][vc_column][vc_empty_space][\/vc_column][\/vc_row]<\/p>\n","protected":false},"excerpt":{"rendered":"<p>[vc_row][vc_column][vc_column_text] Le Festival International de Contis propose depuis 2014 une rencontre professionnelle, organis\u00e9e en partenariat avec le CNC et la R\u00e9gion Nouvelle-Aquitaine. L\u2019op\u00e9ration Talents en Court vise \u00e0 aider le d\u00e9veloppement des projets de films de courts-m\u00e9trages d\u2019aspirants cin\u00e9astes, au talent prometteur, mais pour qui l\u2019acc\u00e8s au milieu professionnel est difficile, faute de formation et [&hellip;]<\/p>\n","protected":false},"author":2,"featured_media":0,"parent":0,"menu_order":0,"comment_status":"closed","ping_status":"closed","template":"","meta":{"_monsterinsights_skip_tracking":false,"_monsterinsights_sitenote_active":false,"_monsterinsights_sitenote_note":"","_monsterinsights_sitenote_category":0,"footnotes":""},"_links":{"self":[{"href":"http:\/\/www.cinema-contis.fr\/site_festival\/wp-json\/wp\/v2\/pages\/3970"}],"collection":[{"href":"http:\/\/www.cinema-contis.fr\/site_festival\/wp-json\/wp\/v2\/pages"}],"about":[{"href":"http:\/\/www.cinema-contis.fr\/site_festival\/wp-json\/wp\/v2\/types\/page"}],"author":[{"embeddable":true,"href":"http:\/\/www.cinema-contis.fr\/site_festival\/wp-json\/wp\/v2\/users\/2"}],"replies":[{"embeddable":true,"href":"http:\/\/www.cinema-contis.fr\/site_festival\/wp-json\/wp\/v2\/comments?post=3970"}],"version-history":[{"count":38,"href":"http:\/\/www.cinema-contis.fr\/site_festival\/wp-json\/wp\/v2\/pages\/3970\/revisions"}],"predecessor-version":[{"id":5261,"href":"http:\/\/www.cinema-contis.fr\/site_festival\/wp-json\/wp\/v2\/pages\/3970\/revisions\/5261"}],"wp:attachment":[{"href":"http:\/\/www.cinema-contis.fr\/site_festival\/wp-json\/wp\/v2\/media?parent=3970"}],"curies":[{"name":"wp","href":"https:\/\/api.w.org\/{rel}","templated":true}]}}