{"id":4001,"date":"2020-06-19T15:13:12","date_gmt":"2020-06-19T13:13:12","guid":{"rendered":"http:\/\/www.cinema-contis.fr\/site_festival\/?page_id=4001"},"modified":"2020-07-06T11:55:13","modified_gmt":"2020-07-06T09:55:13","slug":"defi-vr-l-contis-360","status":"publish","type":"page","link":"http:\/\/www.cinema-contis.fr\/site_festival\/defi-vr-l-contis-360\/","title":{"rendered":"D\u00e9fi VR &#8211; Contis \u00e0 360\u00b0"},"content":{"rendered":"<p>[vc_row][vc_column][vc_column_text]<\/p>\n<h5 style=\"text-align: center;\"><span style=\"color: #f54040;\"><strong>D\u00e9couvrez en int\u00e9gralit\u00e9 la rencontre entre le Jury et la Laur\u00e9ate du d\u00e9fi VR : <a style=\"color: #f54040;\" href=\"http:\/\/www.cinema-contis.fr\/site_festival\/rencontre-jury-laureate-du-defi-vr\/\" target=\"_blank\" rel=\"noopener noreferrer\"><span style=\"text-decoration: underline;\">ici<\/span><\/a><\/strong><\/span><\/h5>\n<p>&nbsp;<\/p>\n<p style=\"text-align: center;\"><span style=\"color: #000000;\">En partenariat avec&nbsp;: Le Cube (Centre de cr\u00e9ation num\u00e9rique \u00e0 Issy-les-Moulineaux), Le Labo du P\u00f4le Media Grand Paris<\/span><\/p>\n<p><span style=\"color: #000000;\"><img loading=\"lazy\" decoding=\"async\" class=\"size-medium wp-image-4006 aligncenter\" src=\"http:\/\/www.cinema-contis.fr\/site_festival\/wp-content\/uploads\/2020\/06\/Logo-partenaires-VR-2020-300x120.jpg\" alt=\"\" width=\"300\" height=\"120\" srcset=\"http:\/\/www.cinema-contis.fr\/site_festival\/wp-content\/uploads\/2020\/06\/Logo-partenaires-VR-2020-300x120.jpg 300w, http:\/\/www.cinema-contis.fr\/site_festival\/wp-content\/uploads\/2020\/06\/Logo-partenaires-VR-2020-1024x409.jpg 1024w, http:\/\/www.cinema-contis.fr\/site_festival\/wp-content\/uploads\/2020\/06\/Logo-partenaires-VR-2020-768x307.jpg 768w, http:\/\/www.cinema-contis.fr\/site_festival\/wp-content\/uploads\/2020\/06\/Logo-partenaires-VR-2020-600x240.jpg 600w, http:\/\/www.cinema-contis.fr\/site_festival\/wp-content\/uploads\/2020\/06\/Logo-partenaires-VR-2020.jpg 1373w\" sizes=\"(max-width: 300px) 100vw, 300px\" \/><\/span><\/p>\n<p><span style=\"color: #000000;\">Depuis 4 ans, sous l\u2019impulsion de Gwena\u00eblle Clauwaert, productrice et co-fondatrice du collectif SoVR, un travail de d\u00e9veloppement des contenus immersifs a d\u00e9marr\u00e9 et a d\u00e9bouch\u00e9 en 2019 sur la mise en place d\u2019un D\u00e9fi VR \u00e0 l\u2019occasion du Festival.<\/span><br \/>\n<span style=\"color: #000000;\">Cette incursion d\u2019\u0153uvres immersives dans un festival de cin\u00e9ma \u00ab&nbsp;traditionnel&nbsp;\u00bb, tend \u00e0 cr\u00e9er une passerelle entre la fiction traditionnelle et cette nouvelle forme d\u2019\u00e9criture, en sensibilisant les cin\u00e9astes au potentiel narratif de la r\u00e9alit\u00e9 virtuelle et en leur favorisant l\u2019acc\u00e8s aux outils dont ils ont besoin pour se lancer. Multiplier les appels \u00e0 projets et les formes de soutiens, permettront d\u2019apporter de nouveaux contenus pour que perdure cette innovation.&nbsp;<\/span><\/p>\n<p>&nbsp;<\/p>\n<h5 style=\"text-align: center;\"><span style=\"color: #f54040;\"><strong>D\u00e9couvrez les pitchs vid\u00e9os des 4 projets s\u00e9lectionn\u00e9s :<\/strong><\/span><\/h5>\n<p>&nbsp;<\/p>\n<p style=\"text-align: center;\"><span style=\"color: #000000;\"><strong>DENOISER<\/strong> de David Brunet<\/span><\/p>\n<div align=\"center\"><iframe loading=\"lazy\" src=\"https:\/\/www.youtube.com\/embed\/omyi2l0kAeg?rel=0\" width=\"622\" height=\"350\" frameborder=\"0\" allowfullscreen=\"allowfullscreen\"><\/iframe><\/div>\n<p>&nbsp;<\/p>\n<p style=\"text-align: center;\"><span style=\"color: #000000;\"><strong>FOR\u00caTS<\/strong> de Fabienne Giezendanner<br \/>\nProduit par Z\u00e9ro de conduite productions<\/span><\/p>\n<div align=\"center\"><iframe loading=\"lazy\" src=\"https:\/\/www.youtube.com\/embed\/6Mjo0FxV0Ms?rel=0\" width=\"622\" height=\"350\" frameborder=\"0\" allowfullscreen=\"allowfullscreen\"><\/iframe><\/div>\n<p>&nbsp;<\/p>\n<p style=\"text-align: center;\"><span style=\"color: #000000;\"><strong>LA CABANE <\/strong>de Damien Faure<\/span><\/p>\n<div align=\"center\"><iframe loading=\"lazy\" src=\"https:\/\/www.youtube.com\/embed\/rLyWl-aXtgw?rel=0\" width=\"622\" height=\"350\" frameborder=\"0\" allowfullscreen=\"allowfullscreen\"><\/iframe><\/div>\n<p>&nbsp;<\/p>\n<p style=\"text-align: center;\"><span style=\"color: #000000;\"><strong>LA FABRIQUE DE L\u2019UTOPIE<\/strong> de Gilles Boustani<br \/>\nProduit par Animaviva production<\/span><\/p>\n<div align=\"center\"><iframe loading=\"lazy\" src=\"https:\/\/www.youtube.com\/embed\/5oyPqaropqI?rel=0\" width=\"622\" height=\"350\" frameborder=\"0\" allowfullscreen=\"allowfullscreen\"><\/iframe>&nbsp;<\/div>\n<p>&nbsp;[\/vc_column_text][\/vc_column][\/vc_row][vc_row][vc_column][vc_column_text]<strong><span style=\"color: #000000;\"><u>Le jury du d\u00e9fi VR<\/u><span style=\"text-decoration: underline;\">&nbsp;:<\/span>&nbsp;<\/span><\/strong><\/p>\n<p><span style=\"color: #000000;\"><strong>Anne<\/strong> <strong>Bouisset<\/strong> &#8211; repr\u00e9sente le&nbsp;<strong><em>Labo<\/em><\/strong>&nbsp;du P\u00f4le Media Grand Paris o\u00f9 elle intervient comme coach aupr\u00e8s d\u2019\u00e9tudiants et de jeunes professionnels.<\/span><br \/>\n<span style=\"color: #000000;\">Cr\u00e9\u00e9 en 2013 par le P\u00f4le Media Grand Paris, le&nbsp;<strong>Labo<\/strong>&nbsp;accompagne la maturation de projets innovants dans les nouveaux contenus, nouveaux formats ou nouvelles exp\u00e9riences num\u00e9riques.<\/span><br \/>\n<span style=\"color: #000000;\"><a style=\"color: #000000;\" href=\"https:\/\/lepole.org\/labo\/presentation-du-labo\/\">lepole.org<\/a><\/span><\/p>\n<p><span style=\"color: #000000;\"><strong>Fabrice Dugast<\/strong> \u2013 producteur et r\u00e9alisateur<\/span><br \/>\n<span style=\"color: #000000;\">Apr\u00e8s plusieurs ann\u00e9es \u00e0 Paris o\u00f9 il produit et r\u00e9alise notamment <em>Court-circuit<\/em>, le magazine du court m\u00e9trage pour Arte, Fabrice retrouve sa Bretagne natale en 2017 et cr\u00e9e une nouvelle structure, KinoLabo, destin\u00e9e a\u0300 d\u00e9velopper et accompagner des projets innovants. Depuis son retour, il se concentre sur la r\u00e9alisation et l\u2019\u00e9criture de projets audiovisuels&nbsp;; notamment <strong><em>Le voyeur<\/em><\/strong> projet laur\u00e9at du D\u00e9fi VR \u00e0 Contis en 2019.&nbsp;<\/span><\/p>\n<p><span style=\"color: #000000;\"><strong>Carine Le Malet<\/strong> &#8211; Directrice de la programmation artistique et de la cr\u00e9ation du Cube, Centre d\u2019art num\u00e9rique \u00e0 Issy-les- Moulineaux<\/span><br \/>\n<span style=\"color: #000000;\"><a style=\"color: #000000;\" href=\"http:\/\/lecube.com\/\">lecube.com<\/a><\/span><\/p>\n<p><span style=\"color: #000000;\"><strong>Vincent Ravalec<\/strong> &#8211; \u00e9crivain et r\u00e9alisateur notamment du film&nbsp;<strong><em>Fan Club,&nbsp;<\/em><\/strong>premier long-m\u00e9trage de fiction fran\u00e7ais en r\u00e9alit\u00e9 virtuelle.&nbsp;Il intervient par ailleurs comme formateur dans de nombreux stages autour de l\u2019\u00e9criture et des nouvelles \u00e9critures.&nbsp;<\/span>[\/vc_column_text][vc_column_text]<span style=\"text-decoration: underline;\"><span style=\"color: #000000;\"><strong><span style=\"color: #000000; text-decoration: underline;\">Le<\/span> laur\u00e9at d\u00e9sign\u00e9 par le jury b\u00e9n\u00e9ficiera :<\/strong><\/span><\/span><\/p>\n<ul>\n<li><span style=\"color: #000000;\">d\u2019un accompagnement au d\u00e9veloppement de son projet \u00e0 travers sa participation&nbsp;aux formations INA | CIFAP propos\u00e9es par le Labo du P\u00f4le Media Grand Paris ainsi qu\u2019\u00e0 une session de pitchs publics du Labo 2020&nbsp;;<\/span><\/li>\n<\/ul>\n<ul>\n<li><span style=\"color: #000000;\">de la diffusion de son \u0153uvre pendant 3 mois au Centre de cr\u00e9ation num\u00e9rique Le Cube \u00e0 Issy-Les-Moulineaux.<\/span><\/li>\n<\/ul>\n<p>[\/vc_column_text][\/vc_column][\/vc_row][vc_row][vc_column][vc_empty_space][\/vc_column][\/vc_row]<\/p>\n","protected":false},"excerpt":{"rendered":"<p>[vc_row][vc_column][vc_column_text] D\u00e9couvrez en int\u00e9gralit\u00e9 la rencontre entre le Jury et la Laur\u00e9ate du d\u00e9fi VR : ici &nbsp; En partenariat avec&nbsp;: Le Cube (Centre de cr\u00e9ation num\u00e9rique \u00e0 Issy-les-Moulineaux), Le Labo du P\u00f4le Media Grand Paris Depuis 4 ans, sous l\u2019impulsion de Gwena\u00eblle Clauwaert, productrice et co-fondatrice du collectif SoVR, un travail de d\u00e9veloppement des [&hellip;]<\/p>\n","protected":false},"author":2,"featured_media":0,"parent":0,"menu_order":0,"comment_status":"closed","ping_status":"closed","template":"","meta":{"_monsterinsights_skip_tracking":false,"_monsterinsights_sitenote_active":false,"_monsterinsights_sitenote_note":"","_monsterinsights_sitenote_category":0,"footnotes":""},"_links":{"self":[{"href":"http:\/\/www.cinema-contis.fr\/site_festival\/wp-json\/wp\/v2\/pages\/4001"}],"collection":[{"href":"http:\/\/www.cinema-contis.fr\/site_festival\/wp-json\/wp\/v2\/pages"}],"about":[{"href":"http:\/\/www.cinema-contis.fr\/site_festival\/wp-json\/wp\/v2\/types\/page"}],"author":[{"embeddable":true,"href":"http:\/\/www.cinema-contis.fr\/site_festival\/wp-json\/wp\/v2\/users\/2"}],"replies":[{"embeddable":true,"href":"http:\/\/www.cinema-contis.fr\/site_festival\/wp-json\/wp\/v2\/comments?post=4001"}],"version-history":[{"count":20,"href":"http:\/\/www.cinema-contis.fr\/site_festival\/wp-json\/wp\/v2\/pages\/4001\/revisions"}],"predecessor-version":[{"id":5154,"href":"http:\/\/www.cinema-contis.fr\/site_festival\/wp-json\/wp\/v2\/pages\/4001\/revisions\/5154"}],"wp:attachment":[{"href":"http:\/\/www.cinema-contis.fr\/site_festival\/wp-json\/wp\/v2\/media?parent=4001"}],"curies":[{"name":"wp","href":"https:\/\/api.w.org\/{rel}","templated":true}]}}

Défi VR &#8211; Contis à 360°

<p>[vc_row][vc_column][vc_column_text]</p>
<h5 style="text-align: center;"><span style="color: #f54040;"><strong>Découvrez en intégralité la rencontre entre le Jury et la Lauréate du défi VR : <a style="color: #f54040;" href="http://www.cinema-contis.fr/site_festival/rencontre-jury-laureate-du-defi-vr/" target="_blank" rel="noopener noreferrer"><span style="text-decoration: underline;">ici</span></a></strong></span></h5>
<p>&nbsp;</p>
<p style="text-align: center;"><span style="color: #000000;">En partenariat avec&nbsp;: Le Cube (Centre de création numérique à Issy-les-Moulineaux), Le Labo du Pôle Media Grand Paris</span></p>
<p><span style="color: #000000;"><img loading="lazy" decoding="async" class="size-medium wp-image-4006 aligncenter" src="http://www.cinema-contis.fr/site_festival/wp-content/uploads/2020/06/Logo-partenaires-VR-2020-300x120.jpg" alt="" width="300" height="120" srcset="http://www.cinema-contis.fr/site_festival/wp-content/uploads/2020/06/Logo-partenaires-VR-2020-300x120.jpg 300w, http://www.cinema-contis.fr/site_festival/wp-content/uploads/2020/06/Logo-partenaires-VR-2020-1024x409.jpg 1024w, http://www.cinema-contis.fr/site_festival/wp-content/uploads/2020/06/Logo-partenaires-VR-2020-768x307.jpg 768w, http://www.cinema-contis.fr/site_festival/wp-content/uploads/2020/06/Logo-partenaires-VR-2020-600x240.jpg 600w, http://www.cinema-contis.fr/site_festival/wp-content/uploads/2020/06/Logo-partenaires-VR-2020.jpg 1373w" sizes="(max-width: 300px) 100vw, 300px" /></span></p>
<p><span style="color: #000000;">Depuis 4 ans, sous l’impulsion de Gwenaëlle Clauwaert, productrice et co-fondatrice du collectif SoVR, un travail de développement des contenus immersifs a démarré et a débouché en 2019 sur la mise en place d’un Défi VR à l’occasion du Festival.</span><br />
<span style="color: #000000;">Cette incursion d’œuvres immersives dans un festival de cinéma «&nbsp;traditionnel&nbsp;», tend à créer une passerelle entre la fiction traditionnelle et cette nouvelle forme d’écriture, en sensibilisant les cinéastes au potentiel narratif de la réalité virtuelle et en leur favorisant l’accès aux outils dont ils ont besoin pour se lancer. Multiplier les appels à projets et les formes de soutiens, permettront d’apporter de nouveaux contenus pour que perdure cette innovation.&nbsp;</span></p>
<p>&nbsp;</p>
<h5 style="text-align: center;"><span style="color: #f54040;"><strong>Découvrez les pitchs vidéos des 4 projets sélectionnés :</strong></span></h5>
<p>&nbsp;</p>
<p style="text-align: center;"><span style="color: #000000;"><strong>DENOISER</strong> de David Brunet</span></p>
<div align="center"><iframe loading="lazy" src="https://www.youtube.com/embed/omyi2l0kAeg?rel=0" width="622" height="350" frameborder="0" allowfullscreen="allowfullscreen"></iframe></div>
<p>&nbsp;</p>
<p style="text-align: center;"><span style="color: #000000;"><strong>FORÊTS</strong> de Fabienne Giezendanner<br />
Produit par Zéro de conduite productions</span></p>
<div align="center"><iframe loading="lazy" src="https://www.youtube.com/embed/6Mjo0FxV0Ms?rel=0" width="622" height="350" frameborder="0" allowfullscreen="allowfullscreen"></iframe></div>
<p>&nbsp;</p>
<p style="text-align: center;"><span style="color: #000000;"><strong>LA CABANE </strong>de Damien Faure</span></p>
<div align="center"><iframe loading="lazy" src="https://www.youtube.com/embed/rLyWl-aXtgw?rel=0" width="622" height="350" frameborder="0" allowfullscreen="allowfullscreen"></iframe></div>
<p>&nbsp;</p>
<p style="text-align: center;"><span style="color: #000000;"><strong>LA FABRIQUE DE L’UTOPIE</strong> de Gilles Boustani<br />
Produit par Animaviva production</span></p>
<div align="center"><iframe loading="lazy" src="https://www.youtube.com/embed/5oyPqaropqI?rel=0" width="622" height="350" frameborder="0" allowfullscreen="allowfullscreen"></iframe>&nbsp;</div>
<p>&nbsp;[/vc_column_text][/vc_column][/vc_row][vc_row][vc_column][vc_column_text]<strong><span style="color: #000000;"><u>Le jury du défi VR</u><span style="text-decoration: underline;">&nbsp;:</span>&nbsp;</span></strong></p>
<p><span style="color: #000000;"><strong>Anne</strong> <strong>Bouisset</strong> &#8211; représente le&nbsp;<strong><em>Labo</em></strong>&nbsp;du Pôle Media Grand Paris où elle intervient comme coach auprès d’étudiants et de jeunes professionnels.</span><br />
<span style="color: #000000;">Créé en 2013 par le Pôle Media Grand Paris, le&nbsp;<strong>Labo</strong>&nbsp;accompagne la maturation de projets innovants dans les nouveaux contenus, nouveaux formats ou nouvelles expériences numériques.</span><br />
<span style="color: #000000;"><a style="color: #000000;" href="https://lepole.org/labo/presentation-du-labo/">lepole.org</a></span></p>
<p><span style="color: #000000;"><strong>Fabrice Dugast</strong> – producteur et réalisateur</span><br />
<span style="color: #000000;">Après plusieurs années à Paris où il produit et réalise notamment <em>Court-circuit</em>, le magazine du court métrage pour Arte, Fabrice retrouve sa Bretagne natale en 2017 et crée une nouvelle structure, KinoLabo, destinée à développer et accompagner des projets innovants. Depuis son retour, il se concentre sur la réalisation et l’écriture de projets audiovisuels&nbsp;; notamment <strong><em>Le voyeur</em></strong> projet lauréat du Défi VR à Contis en 2019.&nbsp;</span></p>
<p><span style="color: #000000;"><strong>Carine Le Malet</strong> &#8211; Directrice de la programmation artistique et de la création du Cube, Centre d’art numérique à Issy-les- Moulineaux</span><br />
<span style="color: #000000;"><a style="color: #000000;" href="http://lecube.com/">lecube.com</a></span></p>
<p><span style="color: #000000;"><strong>Vincent Ravalec</strong> &#8211; écrivain et réalisateur notamment du film&nbsp;<strong><em>Fan Club,&nbsp;</em></strong>premier long-métrage de fiction français en réalité virtuelle.&nbsp;Il intervient par ailleurs comme formateur dans de nombreux stages autour de l’écriture et des nouvelles écritures.&nbsp;</span>[/vc_column_text][vc_column_text]<span style="text-decoration: underline;"><span style="color: #000000;"><strong><span style="color: #000000; text-decoration: underline;">Le</span> lauréat désigné par le jury bénéficiera :</strong></span></span></p>
<ul>
<li><span style="color: #000000;">d’un accompagnement au développement de son projet à travers sa participation&nbsp;aux formations INA | CIFAP proposées par le Labo du Pôle Media Grand Paris ainsi qu’à une session de pitchs publics du Labo 2020&nbsp;;</span></li>
</ul>
<ul>
<li><span style="color: #000000;">de la diffusion de son œuvre pendant 3 mois au Centre de création numérique Le Cube à Issy-Les-Moulineaux.</span></li>
</ul>
<p>[/vc_column_text][/vc_column][/vc_row][vc_row][vc_column][vc_empty_space][/vc_column][/vc_row]</p>

<p>[vc_row][vc_column][vc_column_text] Découvrez en intégralité la rencontre entre le Jury et la Lauréate du défi VR : ici &nbsp; En partenariat avec&nbsp;: Le Cube (Centre de création numérique à Issy-les-Moulineaux), Le Labo du Pôle Media Grand Paris Depuis 4 ans, sous l’impulsion de Gwenaëlle Clauwaert, productrice et co-fondatrice du collectif SoVR, un travail de développement des [&hellip;]</p>
