{"id":4891,"date":"2020-07-02T12:10:08","date_gmt":"2020-07-02T10:10:08","guid":{"rendered":"http:\/\/www.cinema-contis.fr\/site_festival\/?page_id=4891"},"modified":"2020-07-03T13:15:22","modified_gmt":"2020-07-03T11:15:22","slug":"les-partenariats-internationaux","status":"publish","type":"page","link":"http:\/\/www.cinema-contis.fr\/site_festival\/les-partenariats-internationaux\/","title":{"rendered":"Les partenariats internationaux"},"content":{"rendered":"\n<h3 class=\"has-text-align-center wp-block-heading\">Nos partenaires<\/h3>\n\n\n\n<div align=\"center\"><iframe loading=\"lazy\" width=\"560\" height=\"315\" src=\"https:\/\/www.youtube.com\/embed\/dKWktY-d4FY?rel=0\" frameborder=\"0\" allow=\"accelerometer; autoplay; encrypted-media; gyroscope; picture-in-picture\" allowfullscreen=\"\"><\/iframe><\/div>\n<div align=\"center\">Le clip pour nos partenaires internationaux et europ\u00e9ens r\u00e9alisation Rainer<\/div>\n\n\n\n<h3 class=\"has-text-align-center wp-block-heading\"><em>Le Lichter fait son cin\u00e9ma !<\/em><\/h3>\n\n\n\n<div align=\"center\"><iframe loading=\"lazy\" width=\"560\" height=\"315\" src=\"https:\/\/www.youtube.com\/embed\/brP46BIhL9g?rel=0\" frameborder=\"0\" allow=\"accelerometer; autoplay; encrypted-media; gyroscope; picture-in-picture\" allowfullscreen=\"\"><\/iframe><\/div>\n\n\n\n<h3 class=\"has-text-align-center wp-block-heading\">Bonjour De Anna di Martino de Visioni Italiane \u00e0 Bologne<\/h3>\n\n\n\n<div align=\"center\"><iframe loading=\"lazy\" width=\"560\" height=\"315\" src=\"https:\/\/www.youtube.com\/embed\/0-zeawe-7yw?rel=0\" frameborder=\"0\" allow=\"accelerometer; autoplay; encrypted-media; gyroscope; picture-in-picture\" allowfullscreen=\"\"><\/iframe><\/div>\n<div align=\"center\">Merci Anna di Martino du Festival VISONI ITALIANE \u00e0 la Cin\u00e9math\u00e8que de Bologne<\/div>\n\n\n\n<h3 class=\"has-text-align-center wp-block-heading\">Bonjour De Oncle&nbsp;Dunha&nbsp;et Daniela de Atibaia<\/h3>\n\n\n\n<div align=\"center\"><iframe loading=\"lazy\" width=\"560\" height=\"315\" src=\"https:\/\/www.youtube.com\/embed\/8cVKacWQ3S0?rel=0\" frameborder=\"0\" allow=\"accelerometer; autoplay; encrypted-media; gyroscope; picture-in-picture\" allowfullscreen=\"\"><\/iframe><\/div>\n<div align=\"center\">Bonjour de Oncle Dunha et Daniela de Atibaia<\/div>\n\n\n\n<h3 class=\"has-text-align-center wp-block-heading\">Bonjour de Gregor et Vivi du&nbsp;Lichter&nbsp;FilmFest&nbsp;<\/h3>\n\n\n\n<div align=\"center\"><iframe loading=\"lazy\" width=\"560\" height=\"315\" src=\"https:\/\/www.youtube.com\/embed\/XWU8pPzr71g?rel=0\" frameborder=\"0\" allow=\"accelerometer; autoplay; encrypted-media; gyroscope; picture-in-picture\" allowfullscreen=\"\"><\/iframe><\/div>\n<div align=\"center\">Le Lichter Filmfest, partenaire du Festival de Contis, pr\u00e9sente les deux courts-m\u00e9trages en Comp\u00e9tition europ\u00e9enne : \n<br>&#8211; \u00ab\u00a0NIGHTSHIFT\u00a0\u00bb de David Dybeck\n<br>&#8211; \u00ab\u00a0BERND HASSELHUHN\u2019S EVANESCENCE\u00a0\u00bb de Max Rainer<\/div>\n\n\n\n<h3 class=\"has-text-align-center wp-block-heading\">Partenariat Atibaia Contis<\/h3>\n\n\n\n<div align=\"center\"><iframe loading=\"lazy\" width=\"560\" height=\"315\" src=\"https:\/\/www.youtube.com\/embed\/RXtTS44pD4M?rel=0\" frameborder=\"0\" allow=\"accelerometer; autoplay; encrypted-media; gyroscope; picture-in-picture\" allowfullscreen=\"\"><\/iframe><\/div>\n<div align=\"center\">Betty appara\u00eet dans cette vid\u00e9o<\/div>\n\n\n\n<h3 class=\"has-text-align-center wp-block-heading\">Blade et Khalid K au 2<sup>\u00e8me<\/sup>&nbsp;Festival de Atibaia en 2007<\/h3>\n\n\n\n<div align=\"center\"><iframe loading=\"lazy\" width=\"560\" height=\"315\" src=\"https:\/\/www.youtube.com\/embed\/IzaK0Dq2n34?rel=0\" frameborder=\"0\" allow=\"accelerometer; autoplay; encrypted-media; gyroscope; picture-in-picture\" allowfullscreen=\"\"><\/iframe><\/div>\n<div align=\"center\">Blade &amp; Kalhid K au 2\u00e8me Festival International de Atibaia en 2007<\/div>\n\n\n\n<h3 class=\"has-text-align-center wp-block-heading\">Le festival de Contis chez ses partenaires&#8230;<\/h3>\n\n\n\n<div align=\"center\"><iframe loading=\"lazy\" width=\"560\" height=\"315\" src=\"https:\/\/www.youtube.com\/embed\/FSrUgnJu1gY?rel=0\" frameborder=\"0\" allow=\"accelerometer; autoplay; encrypted-media; gyroscope; picture-in-picture\" allowfullscreen=\"\"><\/iframe><\/div>\n<div align=\"center\">Diaporama photos dans les festivals partenaires, musique Les Tobrogo\u00ef<\/div>\n\n\n","protected":false},"excerpt":{"rendered":"<p>Nos partenaires Le clip pour nos partenaires internationaux et europ\u00e9ens r\u00e9alisation Rainer Le Lichter fait son cin\u00e9ma ! Bonjour De Anna di Martino de Visioni Italiane \u00e0 Bologne Merci Anna di Martino du Festival VISONI ITALIANE \u00e0 la Cin\u00e9math\u00e8que de Bologne Bonjour De Oncle&nbsp;Dunha&nbsp;et Daniela de Atibaia Bonjour de Oncle Dunha et Daniela de Atibaia [&hellip;]<\/p>\n","protected":false},"author":1,"featured_media":0,"parent":0,"menu_order":0,"comment_status":"closed","ping_status":"closed","template":"","meta":{"_monsterinsights_skip_tracking":false,"_monsterinsights_sitenote_active":false,"_monsterinsights_sitenote_note":"","_monsterinsights_sitenote_category":0,"footnotes":""},"_links":{"self":[{"href":"http:\/\/www.cinema-contis.fr\/site_festival\/wp-json\/wp\/v2\/pages\/4891"}],"collection":[{"href":"http:\/\/www.cinema-contis.fr\/site_festival\/wp-json\/wp\/v2\/pages"}],"about":[{"href":"http:\/\/www.cinema-contis.fr\/site_festival\/wp-json\/wp\/v2\/types\/page"}],"author":[{"embeddable":true,"href":"http:\/\/www.cinema-contis.fr\/site_festival\/wp-json\/wp\/v2\/users\/1"}],"replies":[{"embeddable":true,"href":"http:\/\/www.cinema-contis.fr\/site_festival\/wp-json\/wp\/v2\/comments?post=4891"}],"version-history":[{"count":8,"href":"http:\/\/www.cinema-contis.fr\/site_festival\/wp-json\/wp\/v2\/pages\/4891\/revisions"}],"predecessor-version":[{"id":4988,"href":"http:\/\/www.cinema-contis.fr\/site_festival\/wp-json\/wp\/v2\/pages\/4891\/revisions\/4988"}],"wp:attachment":[{"href":"http:\/\/www.cinema-contis.fr\/site_festival\/wp-json\/wp\/v2\/media?parent=4891"}],"curies":[{"name":"wp","href":"https:\/\/api.w.org\/{rel}","templated":true}]}}